rime factors of 5401?
11, 491
List the prime factors of 124305.
3, 5, 8287
What are the prime factors of 8324?
2, 2081
What are the prime factors of 14810?
2, 5, 1481
List the prime factors of 110876.
2, 53, 523
List the prime factors of 5444.
2, 1361
What are the prime factors of 8158?
2, 4079
What are the prime factors of 853?
853
List the prime factors of 617.
617
What are the prime factors of 10566?
2, 3, 587
What are the prime factors of 23333?
23333
List the prime factors of 20775.
3, 5, 277
List the prime factors of 643.
643
What are the prime factors of 21661?
21661
What are the prime factors of 62667?
3, 11, 211
List the prime factors of 13504.
2, 211
List the prime factors of 1651.
13, 127
List the prime factors of 7403.
11, 673
List the prime factors of 11319.
3, 7, 11
List the prime factors of 89255.
5, 17851
List the prime factors of 72486.
2, 3, 4027
What are the prime factors of 6359?
6359
What are the prime factors of 96494?
2, 48247
What are the prime factors of 117543?
3, 39181
What are the prime factors of 13321?
7, 11, 173
What are the prime factors of 10269?
3, 7, 163
List the prime factors of 15215.
5, 17, 179
What are the prime factors of 148074?
2, 3, 23, 29, 37
List the prime factors of 4541.
19, 239
List the prime factors of 24367.
7, 59
List the prime factors of 22605.
3, 5, 11, 137
List the prime factors of 20282.
2, 10141
List the prime factors of 703.
19, 37
List the prime factors of 14599.
13, 1123
List the prime factors of 854.
2, 7, 61
What are the prime factors of 135?
3, 5
What are the prime factors of 413?
7, 59
List the prime factors of 6391.
7, 11, 83
List the prime factors of 17811.
3, 1979
List the prime factors of 37707.
3, 12569
What are the prime factors of 1785?
3, 5, 7, 17
What are the prime factors of 35546?
2, 7, 2539
List the prime factors of 15571.
23, 677
What are the prime factors of 69289?
11, 6299
List the prime factors of 1192.
2, 149
What are the prime factors of 24889?
24889
What are the prime factors of 4823?
7, 13, 53
List the prime factors of 66084.
2, 3, 5507
List the prime factors of 18138.
2, 3, 3023
What are the prime factors of 6011?
6011
What are the prime factors of 802?
2, 401
List the prime factors of 36312.
2, 3, 17, 89
List the prime factors of 3260.
2, 5, 163
What are the prime factors of 838?
2, 419
List the prime factors of 28756.
2, 7, 13, 79
List the prime factors of 148199.
148199
List the prime factors of 1623.
3, 541
List the prime factors of 977.
977
List the prime factors of 5838.
2, 3, 7, 139
List the prime factors of 556.
2, 139
What are the prime factors of 1074?
2, 3, 179
List the prime factors of 14338.
2, 67, 107
What are the prime factors of 4015?
5, 11, 73
List the prime factors of 12118.
2, 73, 83
What are the prime factors of 304?
2, 19
List the prime factors of 14279.
109, 131
List the prime factors of 13710.
2, 3, 5, 457
What are the prime factors of 5267?
23, 229
What are the prime factors of 1732?
2, 433
What are the prime factors of 388?
2, 97
List the prime factors of 4009.
19, 211
List the prime factors of 29570.
2, 5, 2957
What are the prime factors of 3886?
2, 29, 67
List the prime factors of 6764.
2, 19, 89
List the prime factors of 19450.
2, 5, 389
What are the prime factors of 21849?
3, 7283
List the prime factors of 2773.
47, 59
What are the prime factors of 129530?
2, 5, 12953
What are the prime factors of 25737?
3, 23, 373
List the prime factors of 1750.
2, 5, 7
List the prime factors of 9389.
41, 229
What are the prime factors of 6153?
3, 7, 293
List the prime factors of 129.
3, 43
List the prime factors of 85701.
3, 7, 11, 53
List the prime factors of 8449.
7, 17, 71
What are the prime factors of 9659?
13, 743
List the prime factors of 121.
11
What are the prime factors of 143097?
3, 47699
List the prime factors of 29144.
2, 3643
List the prime factors of 23625.
3, 5, 7
What are the prime factors of 2021?
43, 47
List the prime factors of 538.
2, 269
List the prime factors of 37418.
2, 53, 353
List the prime factors of 12010.
2, 5, 1201
What are the prime factors of 7579?
11, 13, 53
List the prime factors of 8272.
2, 11, 47
List the prime factors of 76814.
2, 193, 199
List the prime factors of 3506.
2, 1753
What are the prime factors of 23104?
2, 19
List the prime factors of 11075.
5, 443
What are the prime factors of 49720?
2, 5, 11, 113
List the prime factors of 4003.
4003
What are the prime factors of 27718?
2, 13859
What are the prime factors of 58507?
41, 1427
List the prime factors of 384.
2, 3
What are the prime factors of 8414?
2, 7, 601
What are the prime factors of 2105?
5, 421
List the prime factors of 10696.
2, 7, 191
List the prime factors of 709.
709
List the prime factors of 351.
3, 13
What are the prime factors of 14168?
2, 7, 11, 23
List the prime factors of 15236.
2, 13, 293
List the prime factors of 39836.
2, 23, 433
List the prime factors of 7509.
3, 2503
List the prime factors of 1832.
2, 229
What are the prime factors of 11475?
3, 5, 17
What are the prime factors of 237?
3, 79
What are the prime factors of 6188?
2, 7, 13, 17
List the prime factors of 22020.
2, 3, 5, 367
List the prime factors of 16055.
5, 13, 19
List the prime factors of 1456.
2, 7, 13
List the prime factors of 3638.
2, 17, 107
What are the prime factors of 653?
653
What are the prime factors of 4189?
59, 71
List the prime factors of 23163.
3, 7, 1103
What are the prime factors of 1836?
2, 3, 17
What are the prime factors of 5709?
3, 11, 173
List the prime factors of 75918.
2, 3, 12653
List the prime factors of 408.
2, 3, 17
What are the prime factors of 786?
2, 3, 131
List the prime factors of 15101.
15101
What are the prime factors of 40140?
2, 3, 5, 223
List the prime factors of 3249.
3, 19
What are the prime factors of 38165?
5, 17, 449
What are the prime factors of 1054?
2, 17, 31
What are the prime factors of 234?
2, 3, 13
What are the prime factors of 78?
2, 3, 13
List the prime factors of 95925.
3, 5, 1279
List the prime factors of 6317.
6317
List the prime factors of 2282.
2, 7, 163
What are the prime factors of 9621?
3, 1069
What are the prime factors of 2673?
3, 11
What are the prime factors of 5220?
2, 3, 5, 29
What are the prime factors of 47765?
5, 41, 233
List the prime factors of 6219.
3, 691
What are the prime factors of 33682?
2, 11, 1531
What are the prime factors of 428?
2, 107
What are the prime factors of 883?
883
What are the prime factors of 84?
2, 3, 7
What are the prime factors of 951?
3, 317
What are the prime factors of 18905?
5, 19, 199
What are the prime factors of 550?
2, 5, 11
List the prime factors of 292.
2, 73
What are the prime factors of 4538?
2, 2269
List the prime factors of 2078.
2, 1039
List the prime factors of 5676.
2, 3, 11, 43
List the prime factors of 1000.
2, 5
What are the prime factors of 31757?
11, 2887
What are the prime factors of 935?
5, 11, 17
What are the prime factors of 3452?
2, 863
List the prime factors of 1143.
3, 127
What are the prime factors of 35858?
2, 17929
What are the prime factors of 39720?
2, 3, 5, 331
List the prime factors of 1175.
5, 47
What are the prime factors of 4594?
2, 2297
What are the prime factors of 9274?
2, 4637
List the prime factors of 141807.
3, 47269
List the prime factors of 1446.
2, 3, 241
What are the prime factors of 967?
967
List the prime factors of 9582.
2, 3, 1597
What are the prime factors of 4290?
2, 3, 5, 11, 13
What are the prime factors of 236?
2, 59
What are the prime factors of 16?
2
List the prime factors of 2112.
2, 3, 11
What are the prime factors of 1126?
2, 563
List the prime factors of 1380.
2, 3, 5, 23
What are the prime factors of 20228?
2, 13, 389
List the prime factors of 2687.
2687
What are the prime factors of 44?
2, 11
List the prime factors of 11250.
2, 3, 5
What are the prime factors of 3194?
2, 1597
List the prime factors of 5398.
2, 2699
List the prime factors of 6144.
2, 3
What are the prime factors of 1007?
19, 53
What are the prime factors of 51885?
3, 5, 1153
What are the prime factors of 139?
139
List the prime factors of 9548.
2, 7, 11, 31
List the prime factors of 25970.
2, 5, 7, 53
List the prime factors of 35039.
37, 947
List the prime factors of 1475.
5, 59
List the prime factors of 2915.
5, 11, 53
What are the prime f